f y?
3
What is the tens digit of (-35819)/(-43) + (-3 - -1)?
3
Let m = -320 - -722. What is the tens digit of m?
0
Suppose 5*y - 322 = k - 84, -4*y + 714 = -3*k. Let a = -124 - k. What is the hundreds digit of a?
1
Suppose -3*u + 5*a + 7 = 23, 5*u - 35 = -4*a. Suppose -l + 15 = -5*f, u*l = -5*f + l. Let h(b) = -7*b + 4. What is the tens digit of h(f)?
1
Let a = 6 - 25. Suppose -1 = -2*m - 49. Let z = a - m. What is the units digit of z?
5
Let h(w) = w**3 + w**2 - w - 19. Let z be h(0). Let x = 65 + z. What is the tens digit of x?
4
Suppose 3*y = -5*v - 161, 2*y + 130 = -v - 3*v. Let l = -4 - 0. What is the units digit of (-8)/(-4)*v/l?
7
Let j(v) = -16*v - 11. Suppose -3*o = 2*x + 21, -3*x - o - 18 = 17. What is the tens digit of j(x)?
8
Let b = -22 + 34. Suppose -u = -2*u + b. What is the tens digit of u/20 + (-354)/(-10)?
3
Let g(f) = f**3 + 5*f**2 + 3*f - 4. Let x be g(-3). Let y(t) be the third derivative of t**5/15 - t**4/24 - 8*t**3/3 + 5*t**2. What is the tens digit of y(x)?
7
Let d(n) = -20*n + 3. Let k(f) = f + 13. Let x be k(-7). Suppose -z = -x*z - 10. What is the tens digit of d(z)?
4
What is the hundreds digit of (-6)/(-4)*26*(-184)/(-24)?
2
Let p(i) = -i**3 - 11*i**2 - 15*i - 4. Let v = -10 - 0. What is the tens digit of p(v)?
4
Let y be (10/4)/(1/(-4)). Let m(l) = -8*l + 17. What is the tens digit of m(y)?
9
Suppose -7*c = c + 3072. What is the units digit of (c/(-30))/(2/15)?
6
Let d(h) = 2*h**2 - 4*h + 2. Let j be d(2). Suppose j*i - i = 14. What is the tens digit of i?
1
Let p = -1504 + 2302. Let w be 1/(-2) + p/(-12). What is the units digit of w/(-7) - (-20)/(-35)?
9
Suppose 0*j = 4*j. Suppose 0*l + 4*l - 200 = j. What is the units digit of l?
0
Let h = 658 + -382. Let d = 714 + h. What is the tens digit of (1/2)/(9/d)?
5
Let h(a) = -3*a**2 - 1. Let q be h(-1). Let u be (4/(-6))/(q/48). Let w = 6 + u. What is the units digit of w?
4
Let i(h) = 8*h**2 - 17*h - 17. What is the hundreds digit of i(-8)?
6
Let d = 495 + -467. What is the units digit of d?
8
Let z = 3 - -1. Suppose -3 = -4*q + 13, -z*o + 180 = -5*q. Suppose k - o = -5*d, d = -4*d - 5*k + 30. What is the units digit of d?
1
Let n be 2 - 8/(40/(-705)). Suppose 5*o - n = 272. What is the tens digit of o?
8
Let r be ((-15)/3)/(-5) + -3. Let p be 21/(-2)*(-12)/9. What is the units digit of r/4 - (-385)/p?
7
Let f = 71 - -804. What is the hundreds digit of f?
8
Let l(m) be the first derivative of 0*m**2 + 11 - 1/4*m**4 - 7/3*m**3 + 4*m. What is the units digit of l(-7)?
4
Let u be -195*(0 - 1) - 0. Suppose -u = -v + 5*d, 3*v + 7*d - 625 = 2*d. What is the tens digit of v?
0
Suppose -33*m = -49*m + 45392. What is the thousands digit of m?
2
Let l = -39 - -173. Suppose 0 = -2*m - 2*m + 3*a, -3*a = m - 15. Suppose -m*g = -5*g + l. What is the units digit of g?
7
Let h(o) = 18*o + 2. Let n be h(-11). Let r be ((-9)/12)/(1/n). Suppose 5*p = 2*i + r, 5*p - 4 = -i + 140. What is the tens digit of p?
2
Suppose -16 + 112 = a. Suppose -6*p + a = -2*p. What is the units digit of p?
4
Let g be 15/(1350/(-12)) + 219/(-45). Suppose 3*o = -148 - 74. What is the tens digit of (20/(-1))/g - o?
7
What is the hundreds digit of -4 - 223/(-1 - (-4)/8)?
4
Let y be (-56)/6*(-168)/(-16). Let p = -5 - y. What is the units digit of p?
3
Let m = -128 + 14. Let g = 327 + m. What is the tens digit of g?
1
Let v(b) = 10*b**3 - 2*b**2 - 2*b - 7. Let n be v(3). Let j be -30*(8/(-3) - 3). Let g = n - j. What is the units digit of g?
9
What is the tens digit of -6 + (-31524)/(-51) + (-4)/34?
1
Let g(p) = -p**3 - 9*p**2 - 9*p - 2. Let b be g(-8). Let d be (-2)/6 - (-1526)/b. Suppose 5*k = d - 59. What is the units digit of k?
9
Let c = 27 - 27. Suppose c = p - 7*p + 24. What is the units digit of 7 - (0 - p - -3)?
8
Let g = -12 + 15. Suppose -g*j + 5 = -5*f, -4*j + 16 = -4*f + 4. What is the units digit of 4 - (-43 + f) - -3?
8
Let r(p) = 9 + 15 - p - 5. Let d be r(13). Let i(u) = u**3 - 6*u**2 + u + 4. What is the tens digit of i(d)?
1
Let a(g) = 582*g - 4. What is the tens digit of a(6)?
8
Suppose 4*k = -38 + 166. Let a = 723 + -720. Suppose -a*m = 11 - k. What is the units digit of m?
7
Let x(u) be the first derivative of 7*u**2 - 2*u + 5. Let i be x(-2). Let k = 54 + i. What is the units digit of k?
4
Let n(u) = 47*u + 422. What is the tens digit of n(31)?
7
Let b = 672 + -278. What is the units digit of b?
4
Let x = 19 - 16. Suppose x*l - 5*p = 2*l + 56, 3*l - 155 = 2*p. Suppose -f - 4*y + l = 0, -5*f + 2*y = -3*y - 130. What is the units digit of f?
1
Suppose -v - 29 = -4*k, 4*k + 0*v = -5*v + 47. Suppose k*b + 575 = 13*b. What is the units digit of b?
5
Suppose 107 = 4*d - 3*b, -4*b + 3 = 23. What is the tens digit of d?
2
Let m = 4702 - 2589. What is the hundreds digit of m?
1
Let w = -424 - -266. Let p = w + 288. What is the hundreds digit of p?
1
Let f be (-14 - 0)*(-10)/4. Suppose -39*h + 344 = -f*h. What is the tens digit of h?
8
Let g = 14 - 12. Suppose -5*k + 3 = z - 2, 2*z + 4*k - 10 = 0. Suppose 4*h - z*r - 45 = 0, 0 = -g*h + 3*r - 13 + 34. What is the units digit of h?
5
Let t = 23 - -26. Suppose 0 = -4*j + 4*s + 392, -s = j - 43 - t. What is the units digit of j?
5
Suppose 352 = 2*w - 5*g, g - 4*g = 2*w - 352. Let p = -81 + w. What is the units digit of p?
5
Let n = -18 - -8. Let s(h) = h**3 + 12*h**2 + 9*h - 3. What is the tens digit of s(n)?
0
What is the tens digit of (-16055)/38*(-24)/15?
7
Let w(p) be the third derivative of 0*p + 0 + 1/12*p**4 - 2/3*p**3 - 2*p**2. What is the tens digit of w(7)?
1
Suppose -5*s = -3*s + 7*a - 11385, -2*a - 17015 = -3*s. What is the hundreds digit of s?
6
Let h(l) = 3*l**3 + 8*l**2 - 10*l + 15. What is the tens digit of h(10)?
1
Let x(u) be the third derivative of u**5/15 + 17*u**4/24 - 11*u**3/6 - u**2. What is the hundreds digit of x(-8)?
1
Suppose -2*s - 129 = -q, -5*q + 55 = -s - 5. Let u = -36 - s. What is the tens digit of u?
2
Suppose 0 = 2*o - 5 - 5. Suppose -2*h = h - a - 66, -o*h + 93 = 4*a. What is the units digit of h?
1
Let x = 2578 - 639. What is the thousands digit of x?
1
Suppose 3*f = 2*a - 215, 2*f = a + 4*a - 554. What is the units digit of a?
2
Let a(z) = 37*z - 535. What is the tens digit of a(21)?
4
Let r(d) be the first derivative of 8*d**2 - d - 15. What is the tens digit of r(1)?
1
Let w = -10 + 16. Suppose 0 = -w*x + x - 10. What is the units digit of 1/(8/(-60))*x?
5
Suppose 3*f + 2 = -2*m + 1, 5 = -m. Suppose -2*n + 15 = f*d + 2*d, 5*d - 15 = 5*n. What is the tens digit of (n + 4)/((-4)/(-18))?
1
Let h(k) = k**3 - 40*k**2 + 16*k - 115. What is the hundreds digit of h(40)?
5
Let a(c) = -3*c**3 - c**2 - 2*c - 1. Let b be a(-1). Suppose -11*o - b = -14*o. Let u(s) = 28*s**3 + 2*s - 1. What is the units digit of u(o)?
9
Suppose -4*c + 2047 = -509. What is the tens digit of c?
3
Suppose 0 = -7*q + 3*q - 3*r - 17, -4*q + 2*r = 42. Let o be (q/8)/((-2)/10). Suppose 149 = o*p - 36. What is the tens digit of p?
3
Suppose 16 = -a - a. What is the tens digit of (-12)/(-16) + (-458)/a?
5
Suppose -3*u + 2*f = -4*u + 802, -3*f = -4*u + 3153. What is the hundreds digit of u?
7
Suppose -10*w + 2013 = -517. What is the hundreds digit of w?
2
Let m = -12 + 30. Let u = -17 - -9. Let o = u + m. What is the tens digit of o?
1
Suppose 16 = -4*n - 5*d, -3*n + 3*d + 17 = 2. Let j be (-1)/n - (7 + -11). Suppose -4*b = -3*c + 5, j*b = 5*c - 0 - 12. What is the units digit of c?
3
Suppose 3*d + 70 = d. Let c = d + 17. What is the units digit of c/(1 + (-3 - 0))?
9
Let p(a) be the second derivative of a**4/4 + 5*a**3/6 + a**2 - 11*a. What is the units digit of p(4)?
0
Let l(f) = 2*f. Suppose u = -2*u. Let s be l(u). Let b(t) = -t**2 + t + 4. What is the units digit of b(s)?
4
Let h(w) = 9*w**3 - 29*w**2 + 11*w + 6. What is the units digit of h(5)?
1
Let x(a) = -a**3 + 8*a**2 - 7*a + 4. Let k be x(7). Let n(o) = -k*o - 26*o + 0 - 3 + 1. What is the tens digit of n(-1)?
2
Let l(j) = -j**2 - 17*j - 22. Let u = -11 + 1. What is the units digit of l(u)?
8
What is the hundreds digit of 435/(-2*15/(-20))?
2
Suppose -4*t + 3115 = 1167. Suppose 5*a - 123 - t = 0. What is the units digit of a?
2
Suppose 13*c + 288 = 5462. What is the tens digit of c?
9
Suppose -14 = 4*s - 18, 6371 = 5*m - 4*s. What is the units digit of m?
5
Let k = -391 - -1662. What i